{"id":178,"date":"2018-05-08T08:56:36","date_gmt":"2018-05-08T08:56:36","guid":{"rendered":"http:\/\/expert-themes.com\/wp\/global-industry\/?page_id=178"},"modified":"2018-10-01T16:04:06","modified_gmt":"2018-10-01T14:04:06","slug":"solutions","status":"publish","type":"page","link":"http:\/\/oprema-strojevi.com\/wordpress\/solutions\/","title":{"rendered":"Solutions"},"content":{"rendered":"<section class=\"kc-elm kc-css-333497 kc_row\"><div class=\"kc-row-container  kc-container\"><div class=\"kc-wrap-columns\"><div class=\"kc-elm kc-css-149561 kc_col-sm-12 kc_column kc_col-sm-12\"><div class=\"kc-col-container\"> \n   \n\n<!--Solutions Page Section-->\n<section class=\"solutions-page-section\">\n    <div class=\"auto-container\">\n        <div class=\"row clearfix\">\n                        <!--Services Block-->\n            <div class=\"services-block col-md-4 col-sm-6 col-xs-12\">\n                <div class=\"inner-box\">\n                    <div class=\"lower-box\">\n                        <div class=\"image\">\n                            <img loading=\"lazy\" decoding=\"async\" width=\"370\" height=\"240\" src=\"http:\/\/oprema-strojevi.com\/wordpress\/wp-content\/uploads\/2018\/05\/strojna_01.jpg\" class=\"attachment-sanat_370x240 size-sanat_370x240 wp-post-image\" alt=\"\" srcset=\"http:\/\/oprema-strojevi.com\/wordpress\/wp-content\/uploads\/2018\/05\/strojna_01.jpg 370w, http:\/\/oprema-strojevi.com\/wordpress\/wp-content\/uploads\/2018\/05\/strojna_01-300x195.jpg 300w\" sizes=\"auto, (max-width: 370px) 100vw, 370px\" \/>                            <div class=\"overlay-box\">\n                                <div class=\"text\">CNC bohrwerk \/ CNC obradni centri \/ CNC tokarenje \/ univerzalni bohrwerk \/ univerzalne tokarilice \/ plansko bru\u0161enje \/ kru\u017eno bru\u0161enje unutarnje i vanjsko \/ automatske pile<\/div>\n                                <a href=\"http:\/\/oprema-strojevi.com\/wordpress\/usluge\/strojna-obrada\/\" class=\"link-btn\"><span class=\"fa fa-link\"><\/span><\/a>\n                            <\/div>\n                        <\/div>\n                    <\/div>\n                    <div class=\"upper-box\">\n                        <span class=\"icon flaticon-settings-2\"><\/span>\n                        <h3><a href=\"http:\/\/oprema-strojevi.com\/wordpress\/usluge\/strojna-obrada\/\">Strojna obrada<\/a><\/h3>\n                    <\/div>\n                    \n                <\/div>\n            <\/div>\n                        <!--Services Block-->\n            <div class=\"services-block col-md-4 col-sm-6 col-xs-12\">\n                <div class=\"inner-box\">\n                    <div class=\"lower-box\">\n                        <div class=\"image\">\n                            <img loading=\"lazy\" decoding=\"async\" width=\"370\" height=\"240\" src=\"http:\/\/oprema-strojevi.com\/wordpress\/wp-content\/uploads\/2018\/05\/services-10.jpg\" class=\"attachment-sanat_370x240 size-sanat_370x240 wp-post-image\" alt=\"\" srcset=\"http:\/\/oprema-strojevi.com\/wordpress\/wp-content\/uploads\/2018\/05\/services-10.jpg 370w, http:\/\/oprema-strojevi.com\/wordpress\/wp-content\/uploads\/2018\/05\/services-10-300x195.jpg 300w\" sizes=\"auto, (max-width: 370px) 100vw, 370px\" \/>                            <div class=\"overlay-box\">\n                                <div class=\"text\">crna bravarija \/ rostfrei bravarija \/ izrada elektro kabineta \/ izrada rezervoara \/ sastav slo\u017eenih konstrukcija na zavariva\u010dkim stolovima \/ manipulacija sa kranovima od 2 do 10 tona<\/div>\n                                <a href=\"http:\/\/oprema-strojevi.com\/wordpress\/usluge\/bravarske-usluge\/\" class=\"link-btn\"><span class=\"fa fa-link\"><\/span><\/a>\n                            <\/div>\n                        <\/div>\n                    <\/div>\n                    <div class=\"upper-box\">\n                        <span class=\"icon flaticon-check-1\"><\/span>\n                        <h3><a href=\"http:\/\/oprema-strojevi.com\/wordpress\/usluge\/bravarske-usluge\/\">Bravarske usluge<\/a><\/h3>\n                    <\/div>\n                    \n                <\/div>\n            <\/div>\n                        <!--Services Block-->\n            <div class=\"services-block col-md-4 col-sm-6 col-xs-12\">\n                <div class=\"inner-box\">\n                    <div class=\"lower-box\">\n                        <div class=\"image\">\n                            <img loading=\"lazy\" decoding=\"async\" width=\"370\" height=\"240\" src=\"http:\/\/oprema-strojevi.com\/wordpress\/wp-content\/uploads\/2018\/05\/news-8.jpg\" class=\"attachment-sanat_370x240 size-sanat_370x240 wp-post-image\" alt=\"\" srcset=\"http:\/\/oprema-strojevi.com\/wordpress\/wp-content\/uploads\/2018\/05\/news-8.jpg 370w, http:\/\/oprema-strojevi.com\/wordpress\/wp-content\/uploads\/2018\/05\/news-8-300x195.jpg 300w\" sizes=\"auto, (max-width: 370px) 100vw, 370px\" \/>                            <div class=\"overlay-box\">\n                                <div class=\"text\">CNC rezanje plazmom i autogeno \/ \u0161kare za rezanje limova \/ CNC kutna savija\u010dica \/ savija\u010dice profila \/ rolanje limova od 2 do 20mm<\/div>\n                                <a href=\"http:\/\/oprema-strojevi.com\/wordpress\/usluge\/obrada-limova\/\" class=\"link-btn\"><span class=\"fa fa-link\"><\/span><\/a>\n                            <\/div>\n                        <\/div>\n                    <\/div>\n                    <div class=\"upper-box\">\n                        <span class=\"icon flaticon-layers-1\"><\/span>\n                        <h3><a href=\"http:\/\/oprema-strojevi.com\/wordpress\/usluge\/obrada-limova\/\">Obrada limova<\/a><\/h3>\n                    <\/div>\n                    \n                <\/div>\n            <\/div>\n                        <!--Services Block-->\n            <div class=\"services-block col-md-4 col-sm-6 col-xs-12\">\n                <div class=\"inner-box\">\n                    <div class=\"lower-box\">\n                        <div class=\"image\">\n                            <img loading=\"lazy\" decoding=\"async\" width=\"370\" height=\"240\" src=\"http:\/\/oprema-strojevi.com\/wordpress\/wp-content\/uploads\/2018\/05\/montaza.jpg\" class=\"attachment-sanat_370x240 size-sanat_370x240 wp-post-image\" alt=\"\" srcset=\"http:\/\/oprema-strojevi.com\/wordpress\/wp-content\/uploads\/2018\/05\/montaza.jpg 370w, http:\/\/oprema-strojevi.com\/wordpress\/wp-content\/uploads\/2018\/05\/montaza-300x195.jpg 300w\" sizes=\"auto, (max-width: 370px) 100vw, 370px\" \/>                            <div class=\"overlay-box\">\n                                <div class=\"text\">monta\u017ea podsklopova za daljnju ugradnju \/ monta\u017ea kompletnih strojeva \/ monta\u017ea mehani\u010dkih komponenata<\/div>\n                                <a href=\"http:\/\/oprema-strojevi.com\/wordpress\/usluge\/montaza\/\" class=\"link-btn\"><span class=\"fa fa-link\"><\/span><\/a>\n                            <\/div>\n                        <\/div>\n                    <\/div>\n                    <div class=\"upper-box\">\n                        <span class=\"icon fa fa-wrench\"><\/span>\n                        <h3><a href=\"http:\/\/oprema-strojevi.com\/wordpress\/usluge\/montaza\/\">Monta\u017ea<\/a><\/h3>\n                    <\/div>\n                    \n                <\/div>\n            <\/div>\n                        <!--Services Block-->\n            <div class=\"services-block col-md-4 col-sm-6 col-xs-12\">\n                <div class=\"inner-box\">\n                    <div class=\"lower-box\">\n                        <div class=\"image\">\n                            <img loading=\"lazy\" decoding=\"async\" width=\"370\" height=\"240\" src=\"http:\/\/oprema-strojevi.com\/wordpress\/wp-content\/uploads\/2018\/05\/elektromontaza.jpg\" class=\"attachment-sanat_370x240 size-sanat_370x240 wp-post-image\" alt=\"\" srcset=\"http:\/\/oprema-strojevi.com\/wordpress\/wp-content\/uploads\/2018\/05\/elektromontaza.jpg 370w, http:\/\/oprema-strojevi.com\/wordpress\/wp-content\/uploads\/2018\/05\/elektromontaza-300x195.jpg 300w\" sizes=\"auto, (max-width: 370px) 100vw, 370px\" \/>                            <div class=\"overlay-box\">\n                                <div class=\"text\">izrada upravlja\u010dkih ormara \/ upravlja\u010dki i za\u0161titni elementi \/\u00a0senzori, elektromotori \/\u00a0kabliranje i instalacija na lokaciji kupca \/ programiranje PLC-a \/\u00a0projektiranje i spajanje pneumatskih sustava<\/div>\n                                <a href=\"http:\/\/oprema-strojevi.com\/wordpress\/usluge\/elektromontaza\/\" class=\"link-btn\"><span class=\"fa fa-link\"><\/span><\/a>\n                            <\/div>\n                        <\/div>\n                    <\/div>\n                    <div class=\"upper-box\">\n                        <span class=\"icon flaticon-flash\"><\/span>\n                        <h3><a href=\"http:\/\/oprema-strojevi.com\/wordpress\/usluge\/elektromontaza\/\">Elektromonta\u017ea<\/a><\/h3>\n                    <\/div>\n                    \n                <\/div>\n            <\/div>\n                        <!--Services Block-->\n            <div class=\"services-block col-md-4 col-sm-6 col-xs-12\">\n                <div class=\"inner-box\">\n                    <div class=\"lower-box\">\n                        <div class=\"image\">\n                            <img loading=\"lazy\" decoding=\"async\" width=\"370\" height=\"240\" src=\"http:\/\/oprema-strojevi.com\/wordpress\/wp-content\/uploads\/2018\/05\/povrsinske_o.jpg\" class=\"attachment-sanat_370x240 size-sanat_370x240 wp-post-image\" alt=\"\" srcset=\"http:\/\/oprema-strojevi.com\/wordpress\/wp-content\/uploads\/2018\/05\/povrsinske_o.jpg 370w, http:\/\/oprema-strojevi.com\/wordpress\/wp-content\/uploads\/2018\/05\/povrsinske_o-300x195.jpg 300w\" sizes=\"auto, (max-width: 370px) 100vw, 370px\" \/>                            <div class=\"overlay-box\">\n                                <div class=\"text\">Sa\u010dmarenje \u010deli\u010dnom sa\u010dmom \/ Lakiranje \/ Cin\u010danje \/ Niklanje \/ Bruniranje \/ Mangansko fosfatiranje \/ Eloksiranje (aluminij) \/ Tvrdo eloksiranje \/ Kromiranje \/ Tvrdo kromiranje \/ Plastifikacija \/ Toplinske obrade ...<\/div>\n                                <a href=\"http:\/\/oprema-strojevi.com\/wordpress\/usluge\/povrsinska-zastita\/\" class=\"link-btn\"><span class=\"fa fa-link\"><\/span><\/a>\n                            <\/div>\n                        <\/div>\n                    <\/div>\n                    <div class=\"upper-box\">\n                        <span class=\"icon flaticon-pressure-sprayer\"><\/span>\n                        <h3><a href=\"http:\/\/oprema-strojevi.com\/wordpress\/usluge\/povrsinska-zastita\/\">Povr\u0161inska za\u0161tita<\/a><\/h3>\n                    <\/div>\n                    \n                <\/div>\n            <\/div>\n                        <!--Services Block-->\n            <div class=\"services-block col-md-4 col-sm-6 col-xs-12\">\n                <div class=\"inner-box\">\n                    <div class=\"lower-box\">\n                        <div class=\"image\">\n                            <img loading=\"lazy\" decoding=\"async\" width=\"370\" height=\"240\" src=\"http:\/\/oprema-strojevi.com\/wordpress\/wp-content\/uploads\/2018\/05\/kvaliteta_01.jpg\" class=\"attachment-sanat_370x240 size-sanat_370x240 wp-post-image\" alt=\"\" srcset=\"http:\/\/oprema-strojevi.com\/wordpress\/wp-content\/uploads\/2018\/05\/kvaliteta_01.jpg 370w, http:\/\/oprema-strojevi.com\/wordpress\/wp-content\/uploads\/2018\/05\/kvaliteta_01-300x195.jpg 300w\" sizes=\"auto, (max-width: 370px) 100vw, 370px\" \/>                            <div class=\"overlay-box\">\n                                <div class=\"text\">subito \/ Unimaster \/ Kameni stol sa digitalnim visinomjerom \/ Faro mjerna ruka<\/div>\n                                <a href=\"http:\/\/oprema-strojevi.com\/wordpress\/usluge\/kvaliteta-2\/\" class=\"link-btn\"><span class=\"fa fa-link\"><\/span><\/a>\n                            <\/div>\n                        <\/div>\n                    <\/div>\n                    <div class=\"upper-box\">\n                        <span class=\"icon flaticon-trophy-silhouette\"><\/span>\n                        <h3><a href=\"http:\/\/oprema-strojevi.com\/wordpress\/usluge\/kvaliteta-2\/\">Osiguravanje kvalitete<\/a><\/h3>\n                    <\/div>\n                    \n                <\/div>\n            <\/div>\n                        <!--Services Block-->\n            <div class=\"services-block col-md-4 col-sm-6 col-xs-12\">\n                <div class=\"inner-box\">\n                    <div class=\"lower-box\">\n                        <div class=\"image\">\n                            <img loading=\"lazy\" decoding=\"async\" width=\"370\" height=\"240\" src=\"http:\/\/oprema-strojevi.com\/wordpress\/wp-content\/uploads\/2018\/05\/ostalo_01.jpg\" class=\"attachment-sanat_370x240 size-sanat_370x240 wp-post-image\" alt=\"\" srcset=\"http:\/\/oprema-strojevi.com\/wordpress\/wp-content\/uploads\/2018\/05\/ostalo_01.jpg 370w, http:\/\/oprema-strojevi.com\/wordpress\/wp-content\/uploads\/2018\/05\/ostalo_01-300x195.jpg 300w\" sizes=\"auto, (max-width: 370px) 100vw, 370px\" \/>                            <div class=\"overlay-box\">\n                                <div class=\"text\">balansiranje pozicija \/ lakirnica \/ ozna\u010davanje pozicija: CNC gravirkom, ru\u010dno graviranje, sa \u017eigom<\/div>\n                                <a href=\"http:\/\/oprema-strojevi.com\/wordpress\/usluge\/odrzavanje\/\" class=\"link-btn\"><span class=\"fa fa-link\"><\/span><\/a>\n                            <\/div>\n                        <\/div>\n                    <\/div>\n                    <div class=\"upper-box\">\n                        <span class=\"icon flaticon-analytics\"><\/span>\n                        <h3><a href=\"http:\/\/oprema-strojevi.com\/wordpress\/usluge\/odrzavanje\/\">Ostalo<\/a><\/h3>\n                    <\/div>\n                    \n                <\/div>\n            <\/div>\n                        <!--Services Block-->\n            <div class=\"services-block col-md-4 col-sm-6 col-xs-12\">\n                <div class=\"inner-box\">\n                    <div class=\"lower-box\">\n                        <div class=\"image\">\n                            <img loading=\"lazy\" decoding=\"async\" width=\"370\" height=\"240\" src=\"http:\/\/oprema-strojevi.com\/wordpress\/wp-content\/uploads\/2018\/05\/strojevi_01.jpg\" class=\"attachment-sanat_370x240 size-sanat_370x240 wp-post-image\" alt=\"\" srcset=\"http:\/\/oprema-strojevi.com\/wordpress\/wp-content\/uploads\/2018\/05\/strojevi_01.jpg 370w, http:\/\/oprema-strojevi.com\/wordpress\/wp-content\/uploads\/2018\/05\/strojevi_01-300x195.jpg 300w\" sizes=\"auto, (max-width: 370px) 100vw, 370px\" \/>                            <div class=\"overlay-box\">\n                                <div class=\"text\">Strojevi za prehrambenu industriju<\/div>\n                                <a href=\"http:\/\/oprema-strojevi.com\/wordpress\/2018\/05\/08\/vrhunski_proizvodi\/\" class=\"link-btn\"><span class=\"fa fa-link\"><\/span><\/a>\n                            <\/div>\n                        <\/div>\n                    <\/div>\n                    <div class=\"upper-box\">\n                        <span class=\"icon flaticon-blocks-with-angled-cuts\"><\/span>\n                        <h3><a href=\"http:\/\/oprema-strojevi.com\/wordpress\/2018\/05\/08\/vrhunski_proizvodi\/\">Proizvodnja strojeva<\/a><\/h3>\n                    <\/div>\n                    \n                <\/div>\n            <\/div>\n                    <\/div>\n\n        <!--Styled Pagination-->\n        <div class=\"styled-pagination text-center\">\n                    <\/div>                \n        <!--End Styled Pagination-->\n\n    <\/div>\n<\/section>\n<!--End Solutions Page Section-->\n\n<\/div><\/div><\/div><\/div><\/section>\n","protected":false},"excerpt":{"rendered":"","protected":false},"author":1,"featured_media":0,"parent":0,"menu_order":0,"comment_status":"closed","ping_status":"closed","template":"tpl-king_composer.php","meta":{"footnotes":""},"class_list":["post-178","page","type-page","status-publish","hentry"],"_links":{"self":[{"href":"http:\/\/oprema-strojevi.com\/wordpress\/wp-json\/wp\/v2\/pages\/178","targetHints":{"allow":["GET"]}}],"collection":[{"href":"http:\/\/oprema-strojevi.com\/wordpress\/wp-json\/wp\/v2\/pages"}],"about":[{"href":"http:\/\/oprema-strojevi.com\/wordpress\/wp-json\/wp\/v2\/types\/page"}],"author":[{"embeddable":true,"href":"http:\/\/oprema-strojevi.com\/wordpress\/wp-json\/wp\/v2\/users\/1"}],"replies":[{"embeddable":true,"href":"http:\/\/oprema-strojevi.com\/wordpress\/wp-json\/wp\/v2\/comments?post=178"}],"version-history":[{"count":0,"href":"http:\/\/oprema-strojevi.com\/wordpress\/wp-json\/wp\/v2\/pages\/178\/revisions"}],"wp:attachment":[{"href":"http:\/\/oprema-strojevi.com\/wordpress\/wp-json\/wp\/v2\/media?parent=178"}],"curies":[{"name":"wp","href":"https:\/\/api.w.org\/{rel}","templated":true}]}}