{"id":3442,"date":"2013-09-19T09:31:01","date_gmt":"2013-09-19T08:31:01","guid":{"rendered":"http:\/\/oprema-strojevi.hr\/web\/?page_id=3442"},"modified":"2024-01-06T15:43:23","modified_gmt":"2024-01-06T14:43:23","slug":"uber-uns","status":"publish","type":"page","link":"http:\/\/oprema-strojevi.com\/wordpress\/uber-uns\/","title":{"rendered":"\u00dcber uns"},"content":{"rendered":"<p style=\"text-align: justify;\"><b><img loading=\"lazy\" decoding=\"async\" class=\" wp-image-3050 alignleft\" alt=\"OS-1-b\" src=\"http:\/\/oprema-strojevi.com\/wordpress\/wp-content\/uploads\/2013\/03\/OS-1-b-300x198.jpg\" width=\"270\" height=\"178\" \/>\u00a0 \u00a0\u00a0<\/b><\/p>\n<p style=\"text-align: justify;\"><strong>&#8220;Oprema-strojevi&#8221; dd<\/strong> wurde gegr\u00fcndet mehr als 50 Jahren als Produktion Maschinen und Ausr\u00fcstungen f\u00fcr die Landwirtschaft und die Textilindustrie. Mit mehrj\u00e4hrige Entwicklung und Erfahrung wir haben entwickeln eine breite Palette von Produkten f\u00fcr die Lebensmittel-, S\u00fc\u00dfwaren-und chemischen Industrie.<\/p>\n<p style=\"text-align: justify;\">Unsere Maschinen und Anlagen sind in fast allen Unternehmen der Lebensmittelbranche in Kroatien, insbesondere m\u00f6chten wir unsere<br \/>\nProduktpalette f\u00fcr S\u00fc\u00dfwaren und Obst-und Gem\u00fcseverarbeitung zu betonen.<\/p>\n<p style=\"text-align: justify;\">Au\u00dferdem wir haben entwickeln die Produktion von Teilen aus Baustahl und Rostfreistahl f\u00fcr andere Branchen (Metallurgie, Maschinenbau, Schiffbau, etc.) f\u00fcr das, was wir haben Metallbearbeitungsmaschinen, und jedes Jahr investieren wir in den Einkauf von neuen Maschinen, um die Produktivit\u00e4t und die Qualit\u00e4t zu erh\u00f6hen.<\/p>\n<p style=\"text-align: justify;\">Unser Ziel ist es, zu einem anerkannten und f\u00fchrenden regionalen Hersteller von Anlagen f\u00fcr die Lebensmittelindustrie und anerkannter Partner von bekannten europ\u00e4ischer Unternehmen bei der Produktion von Teilen und Baugruppen von Maschinen geworden.<\/p>\n<p style=\"text-align: justify;\">Um zu garantieren unseren Kunden die Qualit\u00e4t unsere Produkte, in 2006. Jahr haben wir ein Qualit\u00e4tsmanage-System ISO 9001:2000 eingef\u00fchrt.<br \/>\nIn Jahr 2009. wir hatten Rezertifizierung des Systems mit der Umstellung auf ISO 9001:2008, die erfolgreich umgesetzt werden. Im Januar 2011. wir haben erfolgreich eingef\u00fchrt das Umweltmanagementsystem ISO 14001:2004.<\/p>\n<p style=\"text-align: justify;\">\n","protected":false},"excerpt":{"rendered":"<p>\u00a0 \u00a0\u00a0 &#8220;Oprema-strojevi&#8221; dd wurde gegr\u00fcndet mehr als 50 Jahren als Produktion Maschinen und Ausr\u00fcstungen f\u00fcr die Landwirtschaft und die Textilindustrie. Mit mehrj\u00e4hrige Entwicklung und Erfahrung wir haben entwickeln eine breite Palette von Produkten f\u00fcr die Lebensmittel-, S\u00fc\u00dfwaren-und chemischen Industrie. Unsere Maschinen und Anlagen sind in fast allen Unternehmen der Lebensmittelbranche in Kroatien, insbesondere m\u00f6chten<\/p>\n","protected":false},"author":1,"featured_media":0,"parent":0,"menu_order":0,"comment_status":"closed","ping_status":"closed","template":"","meta":{"footnotes":""},"class_list":["post-3442","page","type-page","status-publish","hentry"],"_links":{"self":[{"href":"http:\/\/oprema-strojevi.com\/wordpress\/wp-json\/wp\/v2\/pages\/3442","targetHints":{"allow":["GET"]}}],"collection":[{"href":"http:\/\/oprema-strojevi.com\/wordpress\/wp-json\/wp\/v2\/pages"}],"about":[{"href":"http:\/\/oprema-strojevi.com\/wordpress\/wp-json\/wp\/v2\/types\/page"}],"author":[{"embeddable":true,"href":"http:\/\/oprema-strojevi.com\/wordpress\/wp-json\/wp\/v2\/users\/1"}],"replies":[{"embeddable":true,"href":"http:\/\/oprema-strojevi.com\/wordpress\/wp-json\/wp\/v2\/comments?post=3442"}],"version-history":[{"count":0,"href":"http:\/\/oprema-strojevi.com\/wordpress\/wp-json\/wp\/v2\/pages\/3442\/revisions"}],"wp:attachment":[{"href":"http:\/\/oprema-strojevi.com\/wordpress\/wp-json\/wp\/v2\/media?parent=3442"}],"curies":[{"name":"wp","href":"https:\/\/api.w.org\/{rel}","templated":true}]}}