{"id":3452,"date":"2013-09-19T11:24:02","date_gmt":"2013-09-19T10:24:02","guid":{"rendered":"http:\/\/oprema-strojevi.hr\/web\/?page_id=3452"},"modified":"2024-01-06T15:11:22","modified_gmt":"2024-01-06T14:11:22","slug":"referentna-lista-isporucene-opreme-za-preradu-voca-i-povrca","status":"publish","type":"page","link":"http:\/\/oprema-strojevi.com\/wordpress\/o-nama\/referentna-lista-isporucene-opreme-za-preradu-voca-i-povrca\/","title":{"rendered":"Referentna lista isporu\u010dene opreme za preradu vo\u0107a i povr\u0107a"},"content":{"rendered":"<p><strong>\u2022 \u201ePodravka\u201c Koprivnica<\/strong><\/p>\n<p>&#8211; linije za pranje krastavaca<br \/>\n&#8211; linije za preradu paprike \u2013 va?enje sjemene lo?e i pranje<br \/>\n&#8211; blan\u0161eri za papriku<br \/>\n&#8211; linija za kuhanje i preradu cikle<br \/>\n&#8211; vibraciona punilica staklenki i limenki<br \/>\n&#8211; linija za pranje staklenki<br \/>\n&#8211; ure?aj za su\u0161enje staklenki<br \/>\n&#8211; dozator za?ina<br \/>\n&#8211; dozirno pakirna linija za pra\u0161kaste sirovine (\u201eVegeta\u201c)<br \/>\n&#8211; sistem pra\u017enjenja Big-bag vre?a<br \/>\n&#8211; doziranje , odvagivanje i mije\u0161anje pra\u0161kastih sirovina (\u201eVegeta\u201c i \u201eJuhe\u201c )<br \/>\n&#8211; spremnici za ocat<br \/>\n&#8211; sistem grijanja i transporta naljeva<br \/>\n&#8211; slagalica staklenki i limenki na podlo\u0161ke i omatanje termoskupljaju?om folijom<br \/>\n&#8211; linija za punjenje d\u017eemova u plasti?nu ambala\u017eu<br \/>\n&#8211; spremnici za pra\u0161kaste sirovine<br \/>\n&#8211; pneumotransport bra\u0161na<\/p>\n<p><strong>\u2022 \u201eSlavonka\u201c ?a?avica<\/strong><\/p>\n<p>&#8211; linija za pranje krastavaca<br \/>\n&#8211; linija za preradu paprike\u2013 va?enje sjemene lo?e i pranje<br \/>\n&#8211; mlin za papriku<br \/>\n&#8211; linija za punjenje ajvara<br \/>\n&#8211; razni transporteri<\/p>\n<p><strong>\u2022 \u201eEurovo?e\u201c Orahovica<\/strong><br \/>\n&#8211; oprema za pranje krastavaca<\/p>\n<p><strong>\u2022 \u201eVegafruit\u201c Gra?anica BiH<\/strong><br \/>\n&#8211; linija za pranje krastavaca<br \/>\n&#8211; oprema za pripremu kiselog naljeva<\/p>\n<p><strong>\u2022 \u201eBulgarfrost\u201c Plovdiv \u2013 Bugarska<\/strong><br \/>\n&#8211; linija za preradu paprike\u2013 va?enje sjemene lo?e i pranje<br \/>\n&#8211; transporteri za cijelu papriku, i rezanu papriku do tunela za zamrzavanje<\/p>\n<p><strong>\u2022 \u201eHorker\u201c Ma?arska<\/strong><br \/>\n&#8211; linija za pranje krastavaca<\/p>\n<p><strong>\u2022 \u201eMygros\u201c D. Poljana \/ Ludbreg<\/strong><br \/>\nlinija za preradu \u0161ampinjona, krastavaca, masline:<br \/>\n&#8211; pranje<br \/>\n&#8211; kalibriranje<br \/>\n&#8211; rezanje<br \/>\n&#8211; blan\u0161iranje<br \/>\n&#8211; pasterizacija<\/p>\n<p><strong>\u2022 Bjelorusija \u2013 2 tvornice:<\/strong><br \/>\nlinija za gra\u0161ak:<br \/>\n-pranje, blan\u0161iranje, pranje limenki, pakiranje u termoskupljaju?u foliju itd.<\/p>\n<p><strong>\u2022 \u201eEko-vrelo\u201c B. Manastir<\/strong><br \/>\noprema za tvornicu prerade jabuke u sokove i ka\u0161u:<br \/>\n&#8211; Pranje ambala\u017ee, blan\u0161iranje (pu\u017eni blan\u0161eri), CIP-stanica, spremnici,<\/p>\n","protected":false},"excerpt":{"rendered":"<p>\u2022 \u201ePodravka\u201c Koprivnica &#8211; linije za pranje krastavaca &#8211; linije za preradu paprike \u2013 va?enje sjemene lo?e i pranje &#8211; blan\u0161eri za papriku &#8211; linija za kuhanje i preradu cikle &#8211; vibraciona punilica staklenki i limenki &#8211; linija za pranje staklenki &#8211; ure?aj za su\u0161enje staklenki &#8211; dozator za?ina &#8211; dozirno pakirna linija za pra\u0161kaste<\/p>\n","protected":false},"author":1,"featured_media":0,"parent":2569,"menu_order":0,"comment_status":"closed","ping_status":"closed","template":"","meta":{"footnotes":""},"class_list":["post-3452","page","type-page","status-publish","hentry"],"_links":{"self":[{"href":"http:\/\/oprema-strojevi.com\/wordpress\/wp-json\/wp\/v2\/pages\/3452","targetHints":{"allow":["GET"]}}],"collection":[{"href":"http:\/\/oprema-strojevi.com\/wordpress\/wp-json\/wp\/v2\/pages"}],"about":[{"href":"http:\/\/oprema-strojevi.com\/wordpress\/wp-json\/wp\/v2\/types\/page"}],"author":[{"embeddable":true,"href":"http:\/\/oprema-strojevi.com\/wordpress\/wp-json\/wp\/v2\/users\/1"}],"replies":[{"embeddable":true,"href":"http:\/\/oprema-strojevi.com\/wordpress\/wp-json\/wp\/v2\/comments?post=3452"}],"version-history":[{"count":0,"href":"http:\/\/oprema-strojevi.com\/wordpress\/wp-json\/wp\/v2\/pages\/3452\/revisions"}],"up":[{"embeddable":true,"href":"http:\/\/oprema-strojevi.com\/wordpress\/wp-json\/wp\/v2\/pages\/2569"}],"wp:attachment":[{"href":"http:\/\/oprema-strojevi.com\/wordpress\/wp-json\/wp\/v2\/media?parent=3452"}],"curies":[{"name":"wp","href":"https:\/\/api.w.org\/{rel}","templated":true}]}}