{"id":2570,"date":"2013-03-12T07:43:52","date_gmt":"2013-03-12T07:43:52","guid":{"rendered":"http:\/\/oprema-strojevi.hr\/web\/?page_id=2570"},"modified":"2024-01-06T15:10:24","modified_gmt":"2024-01-06T14:10:24","slug":"povijest","status":"publish","type":"page","link":"https:\/\/oprema-strojevi.com\/wordpress\/o-nama\/povijest\/","title":{"rendered":"Povijest"},"content":{"rendered":"<h3><b> POVIJEST TVRTKE<\/b><\/h3>\n<p><strong>1948.<\/strong> \u00a0 formiran ratarsko-sjemenski savez Ludbreg,<br \/>\n<strong>1961.<\/strong>\u00a0\u00a0 osnovano \u00a0je poduze\u0107e &#8220;Poljoservis&#8221;, specijalizirano za remont poljoprivrednih strojeva.<br \/>\n<strong>1963.<\/strong> \u00a0 preimenovanje u poduze\u0107e &#8220;Oprema-Tvornica industrijske opreme&#8221; Ludbreg.<br \/>\n<strong>1974.<\/strong> \u00a0 Razvojem vi\u0161e proizvodnih programa stvorena je &#8220;Proizvodnja i promet ure\u0111aja i dijelova \u2013 OOUR-40.&#8221;<br \/>\n<strong>1985.<\/strong>\u00a0\u00a0 izgradnja novog proizvodnog pogona i upravne zgrade, i preseljenje na novu lokaciju<br \/>\n<strong>1989.<\/strong> \u00a0 poduze\u0107e se izdvaja iz sustava &#8220;Opreme\u201c Ludbreg, te se registrira kao poduze\u0107e u dru\u0161tvenom vlasni\u0161tvu &#8220;Oprema &#8211; strojevi&#8221; \u2013 poduze\u0107e za proizvodnju strojeva i ure\u0111aja za prehrambenu, procesnu industriju i pneumotransport.<br \/>\n<strong>1992.<\/strong>\u00a0\u00a0 U procesu pretvorbe i privatizacije tvrtka je u potpunosti privatizirana i registrirana kao dioni\u010dko dru\u0161tvo &#8220;Oprema &#8211; strojevi&#8221; d.d.<br \/>\n<strong>2006.<\/strong> Prepoznav\u0161i potrebu za kontinuiranim pobolj\u0161anjem kvalitete s naglaskom na zadovoljstvo kupaca, Oprema je svoj sustav upravljanja kvalitetom certificirala prema normi ISO 9001:1998.<br \/>\n<strong>2011.<\/strong> Certifikacija prema normi ISO 14001:2004 &#8211; Sustav upravljanja za\u0161titom okoli\u0161a<br \/>\n<strong>2013.<\/strong> Oprema Strojevi okre\u0107e se proizvodnji dijelova te monta\u017ei strojeva za zapadno-europsko tr\u017ei\u0161te. Osniva podru\u017enicu \u201eOprema Ludbreg d.o.o.\u201c koja se bavi razvojem i prodajom strojeva za prehrambenu industriju.<br \/>\n<strong>2013.-2017.<\/strong> Zahvaljuju\u0107i pravodobnom prepoznavanju tr\u017ei\u0161nih trendova i usmjeravanju na izvoz, Oprema Strojevi bilje\u017ei sna\u017ean rast prihoda i broja zaposlenika. Udio izvoza penje se na 80%.<br \/>\n<strong>2018.<\/strong> Poduze\u0107e Oprema Ludbreg d.o.o. pripojeno je mati\u010dnom poduze\u0107u \u201eOprema Strojevi d.d.\u201c<br \/>\n<strong>2018.<\/strong> Poduze\u0107e je certificirano prema novoj normi ISO 9001:2015 Sustavi upravljanja kvalitetom i ISO 14001:2015 Sustavi upravljanja za\u0161titom okoli\u0161a<\/p>\n<p><img loading=\"lazy\" decoding=\"async\" class=\"aligncenter size-full wp-image-3956\" src=\"http:\/\/oprema-strojevi.com\/wordpress\/wp-content\/uploads\/2018\/08\/OS_0018.jpg\" alt=\"\" width=\"614\" height=\"380\" srcset=\"https:\/\/oprema-strojevi.com\/wordpress\/wp-content\/uploads\/2018\/08\/OS_0018.jpg 614w, https:\/\/oprema-strojevi.com\/wordpress\/wp-content\/uploads\/2018\/08\/OS_0018-300x186.jpg 300w, https:\/\/oprema-strojevi.com\/wordpress\/wp-content\/uploads\/2018\/08\/OS_0018-600x371.jpg 600w\" sizes=\"auto, (max-width: 614px) 100vw, 614px\" \/><\/p>\n","protected":false},"excerpt":{"rendered":"<p>POVIJEST TVRTKE 1948. \u00a0 formiran ratarsko-sjemenski savez Ludbreg, 1961.\u00a0\u00a0 osnovano \u00a0je poduze\u0107e &#8220;Poljoservis&#8221;, specijalizirano za remont poljoprivrednih strojeva. 1963. \u00a0 preimenovanje u poduze\u0107e &#8220;Oprema-Tvornica industrijske opreme&#8221; Ludbreg. 1974. \u00a0 Razvojem vi\u0161e proizvodnih programa stvorena je &#8220;Proizvodnja i promet ure\u0111aja i dijelova \u2013 OOUR-40.&#8221; 1985.\u00a0\u00a0 izgradnja novog proizvodnog pogona i upravne zgrade, i preseljenje na novu<\/p>\n","protected":false},"author":1,"featured_media":0,"parent":2569,"menu_order":0,"comment_status":"closed","ping_status":"closed","template":"","meta":{"footnotes":""},"class_list":["post-2570","page","type-page","status-publish","hentry"],"_links":{"self":[{"href":"https:\/\/oprema-strojevi.com\/wordpress\/wp-json\/wp\/v2\/pages\/2570","targetHints":{"allow":["GET"]}}],"collection":[{"href":"https:\/\/oprema-strojevi.com\/wordpress\/wp-json\/wp\/v2\/pages"}],"about":[{"href":"https:\/\/oprema-strojevi.com\/wordpress\/wp-json\/wp\/v2\/types\/page"}],"author":[{"embeddable":true,"href":"https:\/\/oprema-strojevi.com\/wordpress\/wp-json\/wp\/v2\/users\/1"}],"replies":[{"embeddable":true,"href":"https:\/\/oprema-strojevi.com\/wordpress\/wp-json\/wp\/v2\/comments?post=2570"}],"version-history":[{"count":0,"href":"https:\/\/oprema-strojevi.com\/wordpress\/wp-json\/wp\/v2\/pages\/2570\/revisions"}],"up":[{"embeddable":true,"href":"https:\/\/oprema-strojevi.com\/wordpress\/wp-json\/wp\/v2\/pages\/2569"}],"wp:attachment":[{"href":"https:\/\/oprema-strojevi.com\/wordpress\/wp-json\/wp\/v2\/media?parent=2570"}],"curies":[{"name":"wp","href":"https:\/\/api.w.org\/{rel}","templated":true}]}}