{"id":3444,"date":"2013-09-19T10:56:01","date_gmt":"2013-09-19T09:56:01","guid":{"rendered":"http:\/\/oprema-strojevi.hr\/web\/?page_id=3444"},"modified":"2024-01-06T15:10:58","modified_gmt":"2024-01-06T14:10:58","slug":"referentna-lista-isporucene-opreme-za-konditorsku-industriju","status":"publish","type":"page","link":"https:\/\/oprema-strojevi.com\/wordpress\/o-nama\/referentna-lista-isporucene-opreme-za-konditorsku-industriju\/","title":{"rendered":"Referentna lista isporu\u010dene opreme za konditorsku industriju"},"content":{"rendered":"<ol start=\"1\">\n<li><b>\u201cKRA\u0160\u201d dd Zagreb: <\/b><\/li>\n<\/ol>\n<ol start=\"1\">\n<li style=\"list-style-type: none;\">\n<ul>\n<li>razni spremnici od 200 lit do 12000 lit, otapa?i s re\u0161etkom i bez re\u0161etke, <b>\u00a0<\/b>pumpe, pr\u017eionik kakaovca KPK-750, linije za uplo?avanje kreme \u00a0(<i>linija \u00a0Bajadere<\/i>), razne mije\u0161alice, slavine grijane, razni cjevovodi, pneumatski transport bra\u0161na i \u0161e?era<\/li>\n<\/ul>\n<\/li>\n<\/ol>\n<ol start=\"2\">\n<li><b>\u201cKOESTLIN\u201d dd Bjelovar:\u00a0\u00a0\u00a0\u00a0 <\/b><\/li>\n<\/ol>\n<ol start=\"1\">\n<li style=\"list-style-type: none;\">\n<ul>\n<li>\u00a0Razni spremnici od 200 do 10000 lit. Otapa?i sa re\u0161etkom i bez, pumpe, rashladni tuneli, dijelovi opreme za proizvodnju vafla, razni cjevovodi, pneumatski transport bra\u0161na i \u0161e?era<\/li>\n<\/ul>\n<\/li>\n<\/ol>\n<ol start=\"3\">\n<li><b>IPK \u201cKANDIT\u201d dd Osijek:<\/b><\/li>\n<\/ol>\n<ol start=\"1\">\n<li style=\"list-style-type: none;\">\n<ul>\n<li>\u00a0pr\u017eionik kakaovca KPK-750, razni spremnici od 2000 lit do 10000 lit, pumpe, otapa?i sa re\u0161etkom pumpe, slavine, razni cjevovodi, transport i\u00a0 skladi\u0161tenje \u0161e?era<\/li>\n<\/ul>\n<\/li>\n<\/ol>\n<ol start=\"4\">\n<li><b>\u201cZVE?EVO\u201d dd Po\u017eega:<\/b><\/li>\n<\/ol>\n<ol start=\"1\">\n<li style=\"list-style-type: none;\">\n<ul>\n<li>Razni spremnici do 8000 lit, pumpe, pr\u017eionik kakaovca KPK-750, slavine, mje\u0161alice, sistem rashlada i u\u0161tede vode itd<\/li>\n<\/ul>\n<\/li>\n<\/ol>\n<ol start=\"5\">\n<li><b>\u201cPODRAVKA\u201d dd Koprivnica:<\/b><\/li>\n<\/ol>\n<ol start=\"1\">\n<li style=\"list-style-type: none;\">\n<ul>\n<li>\u00a0Razni spremnici do 5000 lit, pumpe, cjevovodi, pumpe itd<\/li>\n<\/ul>\n<\/li>\n<\/ol>\n<ol start=\"6\">\n<li><b>\u201cSWISSLION\u201d kompanija:<\/b><\/li>\n<\/ol>\n<ol start=\"1\">\n<li style=\"list-style-type: none;\">\n<ul>\n<li>\u00a0linija za proizvodnju JAFFA biskvita (bez depozitora i pe?i), \u00a0tuneli za hla?enje, razni spremnici, otapa?i za kakao maslac i masti, pumpe, slavine cjevovodi itd<\/li>\n<\/ul>\n<\/li>\n<\/ol>\n<ol start=\"7\">\n<li><b>\u201cGORENJKA\u201d Lesce:<\/b><\/li>\n<\/ol>\n<ol start=\"1\">\n<li style=\"list-style-type: none;\">\n<ul>\n<li>\u00a0Razni spremnici od 2000 lit do 5000 lit, pr\u017eionik kakaovca KPK-750 , otapa?i s re\u0161etkom i bez, \u00a0\u00a0Pumpe i slavine itd<\/li>\n<\/ul>\n<\/li>\n<\/ol>\n<ol start=\"8\">\n<li><b>\u201cPLANIKA\u201d Kobarid:<\/b><\/li>\n<\/ol>\n<ol start=\"1\">\n<li style=\"list-style-type: none;\">\n<ul>\n<li>\u00a0Razni spremnici do 4000 lit, otapa? sa re\u0161etkom, pumpe, linija za uplo?avanje kreme, cjevovodi i slavine, otapa? sa re\u0161etkom<\/li>\n<\/ul>\n<\/li>\n<\/ol>\n<ol start=\"9\">\n<li><b>\u201cPIONIR\u201d Subotica:<\/b><\/li>\n<\/ol>\n<ol start=\"1\">\n<li style=\"list-style-type: none;\">\n<ul>\n<li>\u00a0Spremnici, pumpe, otapa? sa re\u0161etkom, rasladni tuneli itd<\/li>\n<\/ul>\n<\/li>\n<\/ol>\n<ol start=\"10\">\n<li><b>\u201cBANINI\u201d Kikinda:<\/b><\/li>\n<\/ol>\n<ol start=\"1\">\n<li style=\"list-style-type: none;\">\n<ul>\n<li>Spremnici, otapa? sa re\u0161etkom, pumpe razne mije\u0161alice te dijelovi opreme za pneumatski transport \u0161e?era i bra\u0161na<\/li>\n<\/ul>\n<\/li>\n<\/ol>\n<ol start=\"11\">\n<li><b>\u201cBANAT\u201d Vr\u0161ac:<\/b><\/li>\n<\/ol>\n<ol start=\"1\">\n<li style=\"list-style-type: none;\">\n<ul>\n<li>\u00a0otapa?i za kakao maslac i masti spremnici, pumpe i slavine<\/li>\n<\/ul>\n<\/li>\n<\/ol>\n<ol start=\"12\">\n<li><b>\u201cCENTROPROZVOD\u201d Beograd:<\/b><\/li>\n<\/ol>\n<ol start=\"1\">\n<li style=\"list-style-type: none;\">\n<ul>\n<li>\u00a0Pumpe, oprema za temperiranje ?okolade<\/li>\n<\/ul>\n<\/li>\n<\/ol>\n<ol start=\"13\">\n<li><b>\u201cWUNDER\u201d doo Ni\u0161:<\/b><\/li>\n<\/ol>\n<ol start=\"1\">\n<li style=\"list-style-type: none;\">\n<ul>\n<li>\u00a0kompletna tvornica \u2013 proizvodnja ?okoladnih tabli, energetika, i pripreme kreme (bez gra?evinskih radova)<\/li>\n<\/ul>\n<\/li>\n<\/ol>\n<ol start=\"14\">\n<li><b>\u201cHISSAR\u201d Prokuplje:<\/b><\/li>\n<\/ol>\n<ol start=\"1\">\n<li style=\"list-style-type: none;\">\n<ul>\n<li>\u00a0Spremnici, pumpe, linija za tunkiranje itd<\/li>\n<\/ul>\n<\/li>\n<\/ol>\n<ol start=\"15\">\n<li><b>\u201cEVROPA\u201d Skopje:<\/b><\/li>\n<\/ol>\n<ol start=\"1\">\n<li style=\"list-style-type: none;\">\n<ul>\n<li>\u00a0otapa?i za kakao maslac i masti, razni spremnici, pumpe itd<\/li>\n<\/ul>\n<\/li>\n<\/ol>\n<ol start=\"16\">\n<li><b>\u201eBAR PEH\u201c ?itluk: <\/b><\/li>\n<\/ol>\n<ol start=\"1\">\n<li style=\"list-style-type: none;\">\n<ul>\n<li>Pumpe i slavine<\/li>\n<\/ul>\n<\/li>\n<\/ol>\n<ol start=\"17\">\n<li><b>\u201cIFS\u201d \u0160vicarska:<\/b><\/li>\n<\/ol>\n<ol start=\"1\">\n<li style=\"list-style-type: none;\">\n<ul>\n<li>\u00a0Spremnici od 3000 lit do 9000 lit, pumpe za guste mase<\/li>\n<\/ul>\n<\/li>\n<\/ol>\n<ol start=\"18\">\n<li><b>HAPPY COMPANY-Ma?arska:<\/b><\/li>\n<\/ol>\n<ol start=\"1\">\n<li style=\"list-style-type: none;\">\n<ul>\n<li>\u00a0linija za uplo?avanje kreme, temperirke, spremnici, pumpe za ?okoladu, detektor metala, transporteri<\/li>\n<\/ul>\n<\/li>\n<\/ol>\n","protected":false},"excerpt":{"rendered":"<p>\u201cKRA\u0160\u201d dd Zagreb: razni spremnici od 200 lit do 12000 lit, otapa?i s re\u0161etkom i bez re\u0161etke, \u00a0pumpe, pr\u017eionik kakaovca KPK-750, linije za uplo?avanje kreme \u00a0(linija \u00a0Bajadere), razne mije\u0161alice, slavine grijane, razni cjevovodi, pneumatski transport bra\u0161na i \u0161e?era \u201cKOESTLIN\u201d dd Bjelovar:\u00a0\u00a0\u00a0\u00a0 \u00a0Razni spremnici od 200 do 10000 lit. Otapa?i sa re\u0161etkom i bez, pumpe, rashladni<\/p>\n","protected":false},"author":1,"featured_media":0,"parent":2569,"menu_order":0,"comment_status":"closed","ping_status":"closed","template":"","meta":{"footnotes":""},"class_list":["post-3444","page","type-page","status-publish","hentry"],"_links":{"self":[{"href":"https:\/\/oprema-strojevi.com\/wordpress\/wp-json\/wp\/v2\/pages\/3444","targetHints":{"allow":["GET"]}}],"collection":[{"href":"https:\/\/oprema-strojevi.com\/wordpress\/wp-json\/wp\/v2\/pages"}],"about":[{"href":"https:\/\/oprema-strojevi.com\/wordpress\/wp-json\/wp\/v2\/types\/page"}],"author":[{"embeddable":true,"href":"https:\/\/oprema-strojevi.com\/wordpress\/wp-json\/wp\/v2\/users\/1"}],"replies":[{"embeddable":true,"href":"https:\/\/oprema-strojevi.com\/wordpress\/wp-json\/wp\/v2\/comments?post=3444"}],"version-history":[{"count":0,"href":"https:\/\/oprema-strojevi.com\/wordpress\/wp-json\/wp\/v2\/pages\/3444\/revisions"}],"up":[{"embeddable":true,"href":"https:\/\/oprema-strojevi.com\/wordpress\/wp-json\/wp\/v2\/pages\/2569"}],"wp:attachment":[{"href":"https:\/\/oprema-strojevi.com\/wordpress\/wp-json\/wp\/v2\/media?parent=3444"}],"curies":[{"name":"wp","href":"https:\/\/api.w.org\/{rel}","templated":true}]}}